f 6103296479.
7, 8941, 13931
List the prime factors of 683281170.
2, 3, 5, 11, 13, 17, 347
List the prime factors of 120946494.
2, 3, 20157749
What are the prime factors of 548307443?
17, 131, 246209
What are the prime factors of 77977420?
2, 5, 3898871
What are the prime factors of 17230957?
17230957
What are the prime factors of 275950348?
2, 47, 1467821
What are the prime factors of 538186136?
2, 17, 3957251
What are the prime factors of 38811193?
29, 1063, 1259
What are the prime factors of 69381919?
37, 43, 43609
List the prime factors of 26193175.
5, 17, 61631
List the prime factors of 753936432.
2, 3, 29, 109, 4969
List the prime factors of 87448345.
5, 227, 77047
What are the prime factors of 148934718?
2, 3, 2399, 3449
List the prime factors of 1247743597.
101, 12353897
List the prime factors of 22553970.
2, 3, 5, 751799
What are the prime factors of 1374353066?
2, 17, 40422149
What are the prime factors of 59779288?
2, 43, 173777
List the prime factors of 3337575183.
3, 311, 1192417
List the prime factors of 30640123.
43, 712561
List the prime factors of 42536142.
2, 3, 11, 17, 12637
List the prime factors of 35244961.
17, 2073233
What are the prime factors of 185397149?
7, 907, 29201
List the prime factors of 464423300.
2, 5, 11, 422203
List the prime factors of 301349007.
3, 47, 712409
List the prime factors of 3649671167.
521, 7005127
List the prime factors of 1776096896.
2, 7, 17, 19
List the prime factors of 698237289.
3, 19, 23, 177533
What are the prime factors of 26344273?
4099, 6427
List the prime factors of 1341219898.
2, 29, 31, 745951
List the prime factors of 664426682.
2, 101, 3289241
What are the prime factors of 246476851?
2287, 107773
What are the prime factors of 724019452?
2, 13, 29, 223, 2153
What are the prime factors of 82326571?
82326571
List the prime factors of 426901738.
2, 6553, 32573
What are the prime factors of 274836703?
37, 7428019
What are the prime factors of 2978851?
29, 59, 1741
What are the prime factors of 68704201?
68704201
What are the prime factors of 1703528854?
2, 619, 1376033
List the prime factors of 3508898373.
3, 73, 197807
What are the prime factors of 636116488?
2, 7, 11359223
List the prime factors of 365751962.
2, 182875981
List the prime factors of 3954176.
2, 7723
List the prime factors of 738364760.
2, 5, 7, 2637017
What are the prime factors of 1986760176?
2, 3, 41390837
List the prime factors of 1372844531.
43, 53, 137, 4397
List the prime factors of 58836802.
2, 29418401
List the prime factors of 219460484.
2, 47, 73, 15991
List the prime factors of 458589184.
2, 447841
List the prime factors of 8466919.
8466919
List the prime factors of 815008816.
2, 50938051
List the prime factors of 298054079.
23, 83, 156131
List the prime factors of 972192996.
2, 3, 1447, 6221
What are the prime factors of 190648652?
2, 137, 347899
List the prime factors of 85537385.
5, 29, 73, 8081
List the prime factors of 48058964.
2, 1489, 8069
List the prime factors of 791000553.
3, 7, 47, 801419
List the prime factors of 546609010.
2, 5, 54660901
What are the prime factors of 2282997075?
3, 5, 2459, 12379
List the prime factors of 147416032.
2, 4606751
What are the prime factors of 567059978?
2, 19, 3517, 4243
What are the prime factors of 746259497?
31, 149, 161563
List the prime factors of 19982434.
2, 127, 151, 521
List the prime factors of 369114543.
3, 7, 379, 5153
List the prime factors of 194132.
2, 48533
What are the prime factors of 1750870216?
2, 19, 23, 43, 613
What are the prime factors of 139790690?
2, 5, 13, 47, 137, 167
What are the prime factors of 4553753383?
4553753383
List the prime factors of 38012886.
2, 3, 139, 15193
List the prime factors of 115364471.
115364471
List the prime factors of 1021475207.
19, 29, 1853857
What are the prime factors of 5872744844?
2, 6833, 214867
List the prime factors of 896356121.
6977, 128473
List the prime factors of 6905961142.
2, 151, 269, 85009
What are the prime factors of 33759456?
2, 3, 351661
List the prime factors of 2071184502.
2, 3, 345197417
What are the prime factors of 33187213?
17, 1049, 1861
What are the prime factors of 570860992?
2, 13, 686131
What are the prime factors of 230924352?
2, 3, 103, 11677
List the prime factors of 196404299.
7, 13, 308327
List the prime factors of 1195776160.
2, 5, 1867, 4003
List the prime factors of 961518170.
2, 5, 151, 4217
What are the prime factors of 664726765?
5, 67, 1984259
What are the prime factors of 6398748764?
2, 23, 69551617
List the prime factors of 45517025.
5, 59, 30859
List the prime factors of 50566758.
2, 3, 11, 766163
What are the prime factors of 635420148?
2, 3, 11, 1453, 3313
What are the prime factors of 645235644?
2, 3, 2251, 23887
List the prime factors of 1586479222.
2, 793239611
List the prime factors of 410921208.
2, 3, 19, 223, 449
List the prime factors of 368603137.
7, 29, 259397
What are the prime factors of 68957904?
2, 3, 1436623
List the prime factors of 39548659.
39548659
List the prime factors of 2689045711.
11, 244458701
List the prime factors of 1709122289.
7, 109, 2240003
What are the prime factors of 694646?
2, 23, 15101
What are the prime factors of 22755934?
2, 11377967
List the prime factors of 1297192428.
2, 3, 7, 929, 1847
What are the prime factors of 23263933?
7, 11, 41, 7369
What are the prime factors of 188137206?
2, 3, 67, 73, 2137
List the prime factors of 1587317738.
2, 31, 43, 151, 3943
What are the prime factors of 58473556?
2, 1553, 9413
What are the prime factors of 1005949910?
2, 5, 7, 2052959
List the prime factors of 5518542.
2, 3, 919757
What are the prime factors of 5612321707?
17, 19, 17375609
What are the prime factors of 186503614?
2, 11, 47, 180371
What are the prime factors of 18451845?
3, 5, 41, 73, 137
What are the prime factors of 3502386656?
2, 131, 271, 3083
List the prime factors of 72957156.
2, 3, 29, 209647
List the prime factors of 634759961.
11, 19, 61, 49789
List the prime factors of 236473064.
2, 577, 51229
List the prime factors of 269325574.
2, 7, 223, 281, 307
What are the prime factors of 278131514?
2, 139065757
List the prime factors of 26494939.
1123, 23593
List the prime factors of 20512994.
2, 1163, 8819
List the prime factors of 81064111.
2083, 38917
List the prime factors of 10739706.
2, 3, 1789951
What are the prime factors of 76218210?
2, 3, 5, 846869
What are the prime factors of 785220462?
2, 3, 13, 3355643
List the prime factors of 5031540700.
2, 5, 797, 63131
List the prime factors of 1893129273.
3, 7, 10016557
List the prime factors of 367726727.
61, 199, 30293
List the prime factors of 113654571.
3, 17, 2228521
What are the prime factors of 28096634?
2, 14048317
List the prime factors of 45696416.
2, 1428013
List the prime factors of 25614414.
2, 3, 7, 67763
List the prime factors of 237012863.
237012863
List the prime factors of 1100738138.
2, 1493, 368633
List the prime factors of 43754159.
43754159
List the prime factors of 882408828.
2, 3, 7, 79, 103, 1291
What are the prime factors of 2032375041?
3, 17, 1601, 8297
What are the prime factors of 695816374?
2, 11, 31628017
List the prime factors of 507983078.
2, 253991539
List the prime factors of 931334772.
2, 3, 77611231
What are the prime factors of 280152501?
3, 163, 572909
List the prime factors of 156884898.
2, 3, 43, 107, 5683
What are the prime factors of 16030411?
16030411
What are the prime factors of 98883103?
11, 41, 233, 941
What are the prime factors of 1728858576?
2, 3, 4421, 8147
What are the prime factors of 2724097548?
2, 3, 227008129
What are the prime factors of 171395469?
3, 7, 2720563
List the prime factors of 122978598.
2, 3, 41, 89, 137
What are the prime factors of 30208193?
701, 43093
List the prime factors of 40475539.
13, 1657, 1879
What are the prime factors of 47476084?
2, 11869021
List the prime factors of 13864381.
37, 374713
What are the prime factors of 698003159?
7, 277, 359981
What are the prime factors of 4137941280?
2, 3, 5, 11, 783701
What are the prime factors of 45266278?
2, 73, 310043
List the prime factors of 1393612259.
13, 107200943
What are the prime factors of 80029191?
3, 11, 191, 12697
What are the prime factors of 757911246?
2, 3, 97, 1302253
List the prime factors of 1058430808.
2, 4621, 28631
What 